{"id":163,"date":"2023-12-02T21:33:14","date_gmt":"2023-12-03T04:33:14","guid":{"rendered":"https:\/\/drgustavoberrospe.com.mx\/?post_type=product&#038;p=163"},"modified":"2024-04-21T18:26:26","modified_gmt":"2024-04-22T01:26:26","slug":"solicita-tu-consulta-en-linea","status":"publish","type":"product","link":"https:\/\/drgustavoberrospe.com.mx\/index.php\/producto\/solicita-tu-consulta-en-linea\/","title":{"rendered":"Solicita tu consulta en l\u00ednea"},"content":{"rendered":"<p>Obt\u00e9n tu consulta en l\u00ednea conmigo como tu otorrinolaring\u00f3logo de alta confianza y especialidad. Hazlo por medio de Doctoralia.<\/p>\n","protected":false},"excerpt":{"rendered":"<p>Obt\u00e9n tu consulta en l\u00ednea conmigo como tu otorrinolaring\u00f3logo de alta confianza y especialidad. Hazlo por medio de doctoralia.<\/p>\n","protected":false},"featured_media":164,"comment_status":"closed","ping_status":"closed","template":"","meta":{"om_disable_all_campaigns":false,"_monsterinsights_skip_tracking":false,"_monsterinsights_sitenote_active":false,"_monsterinsights_sitenote_note":"","_monsterinsights_sitenote_category":0,"_uf_show_specific_survey":0,"_uf_disable_surveys":false},"product_brand":[],"product_cat":[25,24],"product_tag":[32,31,30,29],"class_list":{"0":"post-163","1":"product","2":"type-product","3":"status-publish","4":"has-post-thumbnail","6":"product_cat-en-linea","7":"product_cat-visita-otorrinolaringologia","8":"product_tag-garganta","9":"product_tag-nariz","10":"product_tag-oido","11":"product_tag-visita-otorrinolaringologia","13":"first","14":"instock","15":"shipping-taxable","16":"product-type-external"},"aioseo_notices":[],"jetpack_sharing_enabled":true,"_links":{"self":[{"href":"https:\/\/drgustavoberrospe.com.mx\/index.php\/wp-json\/wp\/v2\/product\/163","targetHints":{"allow":["GET"]}}],"collection":[{"href":"https:\/\/drgustavoberrospe.com.mx\/index.php\/wp-json\/wp\/v2\/product"}],"about":[{"href":"https:\/\/drgustavoberrospe.com.mx\/index.php\/wp-json\/wp\/v2\/types\/product"}],"replies":[{"embeddable":true,"href":"https:\/\/drgustavoberrospe.com.mx\/index.php\/wp-json\/wp\/v2\/comments?post=163"}],"wp:featuredmedia":[{"embeddable":true,"href":"https:\/\/drgustavoberrospe.com.mx\/index.php\/wp-json\/wp\/v2\/media\/164"}],"wp:attachment":[{"href":"https:\/\/drgustavoberrospe.com.mx\/index.php\/wp-json\/wp\/v2\/media?parent=163"}],"wp:term":[{"taxonomy":"product_brand","embeddable":true,"href":"https:\/\/drgustavoberrospe.com.mx\/index.php\/wp-json\/wp\/v2\/product_brand?post=163"},{"taxonomy":"product_cat","embeddable":true,"href":"https:\/\/drgustavoberrospe.com.mx\/index.php\/wp-json\/wp\/v2\/product_cat?post=163"},{"taxonomy":"product_tag","embeddable":true,"href":"https:\/\/drgustavoberrospe.com.mx\/index.php\/wp-json\/wp\/v2\/product_tag?post=163"}],"curies":[{"name":"wp","href":"https:\/\/api.w.org\/{rel}","templated":true}]}}